-2)/(-2) - (-5 + 5))?
9
Let m(v) = 119 + v**2 + 75 - 2*v + 53. What is the tens digit of m(0)?
4
Let d = 9 + -1. Suppose 0 = -4*z + d - 0. What is the tens digit of 0 + ((-152)/(-4) - z)?
3
Let m(d) = -d**3. Let s be m(0). Suppose s*f - 230 = -5*f. What is the tens digit of f?
4
Let o = 49 - 9. Let g = 90 - o. What is the units digit of g?
0
Let a(n) = -44*n**3 - 4*n**2 + 5*n - 2. Let g be a(1). Suppose -95 = 3*x - 305. Let d = x + g. What is the tens digit of d?
2
Let f(c) = c**3 + 4*c**2 + c - 3. Let z = -9 + 6. Let p be f(z). Suppose 4*g - 31 = p*g. What is the tens digit of g?
3
Let r(p) = p**3 + 10*p**2 + 11*p + 3. Let i be r(-9). Let f be 5*3*8/i. What is the tens digit of (-150)/f + 1/4?
1
Let o = -19 - -22. Suppose -2*s + 19 = -o. What is the units digit of s?
1
What is the tens digit of 524/(-24)*-4*(-225)/(-30)?
5
Let o(b) = -221*b**2 - 13*b + 1. Let z(y) = 110*y**2 + 6*y. Let w(v) = 3*o(v) + 7*z(v). What is the units digit of w(-1)?
7
Suppose -3*q - q = 5*i - 55, 4*q - 48 = -4*i. Suppose -890 = -i*v + 2*v. What is the tens digit of v?
7
Let z be (-3)/15 + 78/(-10). Let f be -51 - 0 - (z + 11). Let p = -36 - f. What is the tens digit of p?
1
Suppose 25*o = 35*o - 5630. What is the tens digit of o?
6
Let v = -492 - -536. What is the tens digit of v?
4
Suppose 4*q + 5*p = -121 + 18508, -4*q - 4*p + 18384 = 0. What is the units digit of q?
3
Let s(j) = 145*j - 11. What is the thousands digit of s(16)?
2
Suppose 104*y + 3263 = 75231. What is the units digit of y?
2
Let k be 1 + 2 + (-2 - -1). Suppose 29 = k*p - 63. Let g = p + -14. What is the units digit of g?
2
Let l(v) = 7*v**2 + 24*v**2 + 8 + 15*v**2 - 11*v**2 + 6*v. What is the units digit of l(-2)?
6
Let t be 3/(((-9)/15)/(8/(-10))). Suppose 3*o - 317 = -t*u, u + 220 - 5 = 2*o. What is the tens digit of o?
0
Let t(h) = 3*h**3 - 2*h + 1. Let z(a) = 3*a**3 - a + 1. Let d(x) = 5*t(x) - 6*z(x). What is the units digit of d(-3)?
2
Suppose -3*k - 2 = -2*k. What is the units digit of (88 - 3) + 3 + k?
6
Let o = -14 - -16. Suppose -4*q - 3 = -7*q + 4*i, o*q = 2*i. What is the units digit of 1/(q + (-57)/(-18))?
6
Let t(p) = p**3 - 13*p**2 - 16*p + 10. Let r be t(14). Let y be (-4)/18 + (-130)/r. Suppose -2*w - 130 = -y*w. What is the tens digit of w?
2
Suppose 2*s = 2*k - 2*s - 6, -3*k + 16 = s. Suppose -5*o = -3*o - x - 82, 0 = -k*o - 3*x + 227. What is the tens digit of o?
4
What is the units digit of ((-4)/12)/((-15)/25155)?
9
Suppose 0 = 3*k - 6 - 0. Suppose -43*c = -12*c + 31. What is the units digit of (c - k)*74/(-6)?
7
Let w(j) be the first derivative of j**6/360 - j**5/120 - j**4/6 + j**3/3 + 5. Let b(i) be the third derivative of w(i). What is the units digit of b(3)?
2
Suppose 7*f - 25470 = 619. What is the units digit of f?
7
Suppose 7*c = c + 12. Suppose c*h + 54 = -0*h. Let r = -14 - h. What is the units digit of r?
3
Let n be (-6)/(-15) + (-219)/(-15). Suppose -4*q - n = -3. Let t(m) = -7*m. What is the tens digit of t(q)?
2
Let v = -1754 + 2625. What is the tens digit of v?
7
Suppose -1884 = 9*f - 11676. What is the tens digit of f?
8
Suppose -3*c = -4*f + 49, 0 = c + 5*f - 3*f + 13. What is the units digit of ((-3)/c*3)/((-3)/(-165))?
3
Let w(g) = -4*g**3 - 83*g**2 + 12*g - 19. What is the units digit of w(-23)?
6
Suppose -7 = 2*q - 6*q - 5*g, -17 = -5*q + 2*g. What is the tens digit of (q - 0)*(-1)/(-3)*172?
7
Suppose 3533 + 1183 = 4*m. What is the tens digit of m?
7
Let s(g) = 2*g**3 - 22*g**2 - 3*g - 19. What is the hundreds digit of s(13)?
6
Suppose -15*u + 12*u + 235 = -i, -u + 97 = -5*i. What is the tens digit of u?
7
Let p = 3548 - 2080. What is the units digit of p?
8
Suppose -4*w = 3*q - 141 - 57, 0 = -5*q - 2*w + 330. Suppose q = -0*v + 2*v - 2*r, 0 = 2*v + 2*r - 46. What is the units digit of v?
8
Suppose 12*j - 251 - 3001 = 0. What is the tens digit of j?
7
What is the units digit of 324/8 + (-4)/(-8)?
1
Suppose -7*l + 3*l = 92. Let u(s) = -s**2 + s + 5. Let k be u(4). Let j = k - l. What is the tens digit of j?
1
Suppose -20 = 6*a - 2*a. Let l(f) = f**2 + 3*f - 6. Let m be l(a). Suppose 5*k - 1 - 3 = u, -m*k = -8. What is the units digit of u?
6
Let c(u) = 2*u. Let o be 2/(-1) - 4/(-2). Let n be c(o). Let l(x) = -x**2 + x + 5. What is the units digit of l(n)?
5
Suppose 0 = 3*x + 12*x - 7425. What is the units digit of x?
5
What is the units digit of 36120/147 - 4/(-14)?
6
Let u be 1*-10*-1*5. Suppose -3*n - 25 = -3*s + n, -3*s - n + u = 0. Let c = -12 + s. What is the units digit of c?
3
Let a(x) be the second derivative of 13*x**3/3 - 3*x**2 - 6*x. What is the tens digit of a(2)?
4
Let m = 437 + -117. Suppose -13*w = -m - 1487. What is the units digit of w?
9
Suppose -3*n - 7*s + 4*s = -462, 0 = -3*s - 15. What is the hundreds digit of n?
1
Let r(p) = 23*p**3 - 3. What is the units digit of r(2)?
1
Let p(a) = -a**3 - 4*a**2 + a + 1303. What is the hundreds digit of p(0)?
3
Let l be (6/(-4))/((-36)/24). Let z be (-3)/l*20/(-15). Suppose -z*a = a - 40. What is the units digit of a?
8
Let b(l) = -l**2 + 14*l + 22. Suppose 0 = -20*s + 23*s - 42. What is the tens digit of b(s)?
2
Suppose 94*g + 20704 = 110*g. What is the hundreds digit of g?
2
Let w = -5984 + 9739. What is the hundreds digit of w?
7
Suppose -32*t = -10*t - 2134. What is the units digit of t?
7
Let c = 13594 + -9673. What is the thousands digit of c?
3
Let n be 296/(-30) + 18/(-135). Let r(i) = i**2 - 3*i - 20. What is the tens digit of r(n)?
1
Let l = 30 + -20. Suppose -b + 3*u + l = 0, 2*b - 5 - 1 = -u. Suppose -i = -b - 2. What is the units digit of i?
6
Let n(s) = -s**2 - s - 10. Let q be n(0). Let r(x) = x**2 + 8*x - 14. Let j be r(q). Suppose j*a - 5*a = 34. What is the tens digit of a?
3
Suppose 0 = z - p - 6, -3*z - 4*p + 0 = -4. Suppose z*l - 84 = l. What is the tens digit of l?
2
What is the hundreds digit of -8 + ((-212152)/(-460) - (-8)/10)?
4
Suppose -76*f + 160611 - 43419 = 0. What is the tens digit of f?
4
Let m(r) = -r + 1. Let h be m(0). Let w be (-2 - -3) + (24 - h). Suppose 4*y = -v + w, -2*y + v + 12 = 2*v. What is the units digit of y?
6
Let w be (-19 - -93) + 0 + 1. What is the tens digit of w + (4 - (-2 - -5))?
7
Let a = -88 + 91. What is the tens digit of a/(4/(-4)*1/(-94))?
8
Suppose 9*q + q = 480. Suppose 4*j - q = -0*j + 5*p, 3*j + 4*p = 67. What is the units digit of j?
7
Let l be (7/(-4))/((-14)/56). Let m(p) = p**2 - 9*p + 17. Let u be m(l). Suppose -4*h = -u*a - 148, 4*h - 2*a - 23 = 125. What is the units digit of h?
7
Suppose 3*h + k = 422, 0*k + 5*k = h - 130. What is the tens digit of h?
4
Suppose -3*l - 3*l = -12. Suppose -l*y = 4*h - 142, 3*h + 6 = 2*y + 95. What is the units digit of h?
3
Suppose -8*s + 5*s + 4401 = 0. What is the tens digit of s?
6
Let x(s) be the first derivative of -s**4 + s**3/3 + s**2/2 + s + 25. What is the tens digit of x(-3)?
1
Let r(o) = o**3 - 2*o**2 + 4*o - 2. Let f = -10 + 14. Suppose -2*n - 8 = 0, -n = -f*c - 0*n + 12. What is the units digit of r(c)?
6
Let r = -12 + 11. Let g = -5 - r. Let k = -2 - g. What is the units digit of k?
2
Suppose -5*g - 162 = 528. Let k = 194 + g. What is the units digit of k?
6
Let u(x) be the first derivative of -101*x**2/2 + 18*x + 35. What is the tens digit of u(-2)?
2
Let s(m) = 0*m**2 - 25*m - 2*m**3 + 7 + 47*m - 3*m**2 - 20*m. What is the tens digit of s(-3)?
2
Let k(d) = -1251*d**3 + 2*d + 1. What is the hundreds digit of k(-1)?
2
Let f = -755 + 1490. Suppose -22*h + f = -17*h. What is the tens digit of h?
4
What is the units digit of 908 + (0 - -14)/(0 + 2)?
5
Let j(u) = -2*u**2 + 3*u - 35. Let k(o) = -o**2 + o - 5 + 5 - 1. Let y(g) = -j(g) + 3*k(g). What is the tens digit of y(0)?
3
Let o(h) = -3 + 3 + 39*h**2 + 0*h + 3*h. What is the tens digit of o(-2)?
5
Let b be (-18)/63 + (-37)/(-7). Suppose -10 = b*r, -2*r + 236 = 2*t - 4*r. Suppose -t + 22 = -2*g. What is the tens digit of g?
4
Let w = 3456 + -2086. What is the units digit of w?
0
Let p(o) = o + 2. Let u be p(5). Let c(l) = 2*l - 10. Let y be c(u). Suppose -4*a + 16 = y. What is the units digit of a?
3
Let r be (0 - (1 - -2)) + (-9 - -14). Suppose r*c = -3*n + 407, 5*c + n = 462 + 575. What is the units digit of c?
8
Let s be 40 + 2/1 + -1. Suppose 24 = -0*p - p. Let h = p + s. What is the units digit of h?
7
Let v = -115 + 216. Su